 8, -22 = f + 2*c - 7*c. Let l(a) = -2*a**2 + 3*a + 1. Give l(f).
-8
Let f(j) = j**3 - 8*j**2 + 7*j + 5. Let k be f(7). Suppose -10*i + k*i = -20. Suppose -2*b + 1 = p + i, b = 0. Let s(g) = g + 6. What is s(p)?
3
Let i(p) = 10*p + 2. Let r(x) = -6*x - 1. Let k(u) = -5*i(u) - 8*r(u). Let t(w) = -w**2 - 11*w - 5. Let h be t(-10). Calculate k(h).
-12
Let j(z) = 3 + 7*z + z - 5 - 6*z. What is j(-3)?
-8
Let a(g) be the third derivative of -g**6/120 - 19*g**5/60 - 2*g**4/3 + 17*g**3/3 - 804*g**2. Calculate a(-18).
-2
Let q(s) be the third derivative of 1/60*s**6 + 1/12*s**4 + 0 + 0*s - 34*s**2 + 1/6*s**3 + 0*s**5. Give q(-1).
-3
Let l(d) = d**3 - 5*d**2 - 6*d + 3. Let s(g) = -g**3 + 11*g**2 + 5. Let x be s(11). Suppose -3*h - 7 = x*f, f - 1 = -2*h + h. Give l(h).
3
Let q(r) = -r**2 - 7*r - 6. Suppose 51*b + 392 = -5*b. Calculate q(b).
-6
Let q(w) = -w**3 + 7*w**2 - 4*w - 11. Let g = -511 + 517. Determine q(g).
1
Let c(b) be the third derivative of -2/3*b**3 + 12*b**2 + 0 + 1/24*b**4 + 0*b. Calculate c(5).
1
Let h(v) = v**2 - v + 4. Suppose -7*z + 116 = -115. Let r = 33 - z. What is h(r)?
4
Let o be 45 + -49 - 0/(2 + -3). Let u(k) = k - 7. Let g(v) = -2*v + 13. Let z(w) = 3*g(w) + 5*u(w). Determine z(o).
8
Let w(o) = -8*o + 7. Let f(t) = -5*t + 4. Let z(c) = 5*f(c) - 3*w(c). Calculate z(7).
-8
Let w(u) = -u + 7. Suppose -4*o + 5*x = 2*x - 39, 5*x = -5. Let a(s) = -15 - s**2 + o + 6 - 6*s. Let r be a(-6). Give w(r).
7
Let n(z) = 4*z + 60. Let p(s) = -s - 19. Let q(m) = -3*n(m) - 10*p(m). What is q(7)?
-4
Let s(n) be the first derivative of -2*n**3/3 + 3*n**2 - n - 1. Suppose 5*f + 94 = -2*y, y + 4*y = 5*f + 115. Let t be 345/75 - (-2)/(f/6). Calculate s(t).
-9
Let a(x) = 2*x + 19. Let p be a(-7). Let d be (1 + p)/(4 + -5). Let b(s) = s**2 + 8*s + 3. Give b(d).
-9
Let m(x) = 2*x + 12. Let d be (0 + (-42)/12)*2. Determine m(d).
-2
Let h(t) = 6*t**2 - 2*t - 2. Let r(c) = c**2 - c + 1. Let y(o) = 3*o - 6. Let n(w) = 5*r(w) + y(w). Let b(p) = -2*h(p) + 3*n(p). What is b(1)?
2
Let h(r) = r**2 + r. Let i(v) be the third derivative of v**5/15 + 13*v**4/24 + v**3/6 - 15*v**2. Let d(j) = 6*h(j) - i(j). Give d(5).
14
Let j(r) be the third derivative of 5*r**4/12 + 11*r**3/2 - 28*r**2. Let m be j(-3). Let c(a) = -a**2 + a - 2. What is c(m)?
-8
Suppose 6*g = 5*g + 6. Let x(u) = -u**3 + 7*u**2 - 9*u + 13. What is x(g)?
-5
Suppose -19 = -4*g + 9. Let u(d) be the first derivative of 6*d - 2*d**3 + 7 - 7/2*d**2 + 1/4*d**4. Calculate u(g).
6
Let c be 2/6*-1 + 64/96. Let b(y) be the first derivative of -5 + 5/2*y**2 + c*y**3 + 2*y. Determine b(-3).
-4
Let g(c) = -c + 6. Let j(i) = 17*i**2 - 7*i + 3. Let n be j(2). Let q = n + -51. What is g(q)?
0
Suppose 0 = 3*y - 5*x - 41, 0 = -4*y + y - 3*x + 9. Let g(c) = -c**3 + 8*c**2 - 10*c + 6. Determine g(y).
-15
Let a(w) = -w**2 - 10*w - 12. Let f(h) = -h + 2. Let y be f(-1). Suppose q = -5 - y. Give a(q).
4
Let f(o) = -o**3 + 7*o**2 - 6*o. Suppose 6*i = i - 2*d + 40, 5*i = -5*d + 55. What is f(i)?
0
Let v(n) = n**2 - n - 38. Suppose 6*l - 4*g = 34, l = -5*g + 9*g - 1. What is v(l)?
4
Suppose 5*u = -4*g + 5 - 1, -8 = 2*g + 5*u. Let z(k) = 0 + g*k - 12*k**3 + 6 - 6*k**2 + 13*k**3. Determine z(5).
11
Let i(k) be the second derivative of -k**3/3 - 5*k**2/2 - k. Let m(f) = 3*f + 6. Let c(x) = -4*i(x) - 3*m(x). What is c(-2)?
4
Let a = -46 - -44. Let b be a*(-34)/24 - (-12)/72. Let k(v) be the third derivative of v**4/8 - 2*v**3/3 + v**2. What is k(b)?
5
Let y(c) be the second derivative of c**5/20 - 11*c**4/12 + 4*c**3/3 + 13*c**2/2 - 3*c - 6. Determine y(10).
-7
Let p(o) = 9*o + 29. Let q be p(-4). Let s(n) = 4*n - 2. Give s(q).
-30
Let u(a) = 4*a - 1. Let f be -6*(-4)/6*-2. Let g be (f/(-20))/(3/(-195)). Let n = 29 + g. What is u(n)?
11
Suppose -3*s = -5*t - 12, -4*t + 17 = s - 4. Let u be 3 + (s/6 - (-3)/(-6)). Let o(i) = 0 - 1 + 2*i + 2. What is o(u)?
9
Suppose -2*o - 20 = -2*x, 2 = 4*o - 2*x + 34. Let p(i) = -2*i**2 - 10*i + 4. Calculate p(o).
-8
Let w(y) = 13*y**2 - 2*y**2 - 6 - 12*y**2 - 11*y. Give w(-10).
4
Let g(n) = -27*n**2 - 2*n**2 + 34*n**2 + 1 - 2 - 6*n**2 + 2*n. Suppose -y + 6 = 3. Give g(y).
-4
Suppose -4*a = -2*d - 30, -4*d - 6 = -18. Suppose a - 1 = 4*z. Let k(s) = 7*s - 3. Give k(z).
11
Let z(r) = r**3 - 11*r**2 - 24*r - 35. Let f be z(13). Let o(h) = 7 - 2*h**2 - h**3 - 8*h**2 - 20 - 15*h + 3*h. Calculate o(f).
14
Let c(d) = -d**3 + d**2 + 3*d - 1. Let k(x) = x**2 + 2*x - 11. Let y be k(-5). Suppose -3*z - y*t = -18, -4*z = -4*t - 0 + 4. Give c(z).
1
Let k(g) = -g**2 + 10*g + 7. Suppose 165*j + 64 = 173*j. What is k(j)?
23
Suppose -8*g + 42 = 2. Suppose 34 = -g*m - 5*a - 21, -4*m + a - 29 = 0. Let v(h) = h + 3. What is v(m)?
-5
Let w(p) = 5*p**3 - 9*p**2 - 8*p - 17. Let d(g) = 2*g**3 - 5*g**2 - 4*g - 8. Let o(f) = -7*d(f) + 3*w(f). Determine o(-7).
26
Let k(l) be the second derivative of -1/12*l**4 + 11*l - 2*l**2 + 0 - l**3. Let h be k(-6). Let g(b) = b**2 + 2*b - 5. What is g(h)?
3
Let n(s) be the first derivative of -s**3/3 + 5*s**2/2 + 9*s + 30. Determine n(6).
3
Let u(b) be the second derivative of 7*b**4/12 + b**3/3 - b**2/2 + 384*b. Determine u(2).
31
Suppose 5 = -4*h + 13, -3*d = 2*h + 8. Let t(m) = 4*m - 53 + 43 + 5*m**2 + 15 + m**3. Calculate t(d).
5
Let k be 1 - (2*-3 - -4). Let o(g) = -4*g**2 - 10 - 4*g**2 + 0*g**3 + g**k + 9*g. Calculate o(7).
4
Let f(r) = 3 - 5 - 267*r - 7 - r**2 + 259*r. Determine f(-6).
3
Let z(t) = -4*t**2 + t**2 + 0*t**3 + 9 + 5*t**3 + t - 4*t**3 - 12. Suppose -2*v - 4 = -10. What is z(v)?
0
Suppose 2*w = 3*a - 41, -4*a + 56 = -2*w - 0*w. Let k = a + -9. Let q(u) = -8 - 65*u**2 + 5*u + 64*u**2 + 2*u. What is q(k)?
-2
Let n(m) be the third derivative of 7*m**5/60 - m**4/24 + m**3/6 - 4*m**2. Let l(t) = t**2 - 10*t + 1. Let d be l(10). Calculate n(d).
7
Suppose -3*f - 3 = 3*r, -5*f = 2*r + 1 - 5. Suppose -f*k + 9 = 3*j + k, -2*k = 3*j - 6. Suppose j = m - 0*m - 3. Let a(z) = -2*z + 1. Give a(m).
-5
Let o(p) = 184706*p + 1 + 6*p**2 - 184709*p - p**3 + 5. Suppose -24 = -4*l - 0*l. What is o(l)?
-12
Let l(z) = 4*z - 1. Let j(s) = s**2 - 14*s - 274. Let p be j(-11). Determine l(p).
3
Suppose -12*w - w + 52 = 0. Let a(u) = -3 - u**2 + w*u**2 - 7*u**2 - 2*u + 2*u**2. Calculate a(-3).
-15
Let n be ((-5)/(-3))/((-65)/(-156)). Let s(l) be the first derivative of 7 - 3/2*l**2 - n*l. Give s(-4).
8
Let w(g) = g**2 + g. Let c = -1472 - -1471. Determine w(c).
0
Let d(v) = -112 + 2*v + 121 - 5*v + 4*v. Let x be d(-5). Let l(w) = 4*w - 6. What is l(x)?
10
Let n(u) = u + 22. Let l = -3 + -7. Let k be n(l). Let z(w) = 3 - 13*w - 3 + 4 + k*w. Calculate z(2).
2
Let f(p) = -20*p**2 - 10*p + 4. Let n(i) = -9*i**2 - 4*i + 2. Let c(x) = -4*f(x) + 9*n(x). Determine c(6).
-10
Suppose -f - 3*f - 12 = 0. Let z = -24 + 27. Let r(l) = 2*l**2 - z*l**2 - 11 + 13. What is r(f)?
-7
Let i(x) = 0*x - 3*x - x**2 + 5*x. Suppose 20 = 3*c + 2*c + 4*s, s = 4*c - 16. Let j be (13 - c - 4) + -4. Determine i(j).
1
Let g(x) be the first derivative of -x**4/4 + 4*x**3/3 - 5*x**2/2 - 4*x - 211. Give g(4).
-24
Let i(a) = 71*a + 16. Let d(k) = -10*k - 29. Let b be d(-4). Let o(v) = 14*v + 3. Let g(x) = b*o(x) - 2*i(x). Give g(-2).
-23
Let v(h) = 5*h - 16. Let b = -1598 + 1606. Calculate v(b).
24
Suppose -v + 32 = 3*v. Let z(p) = 5 + v*p**2 - 10 + 4. What is z(1)?
7
Let j(b) = -7*b - 3. Let k be j(-1). Let h(x) = k*x + 11 - 2 - 8. Determine h(-3).
-11
Let b be 5*110/(-50)*-1. Let s(d) be the first derivative of b + 3*d - 1/3*d**3 - 1/2*d**2. What is s(0)?
3
Let z = -15 - -22. Suppose 0*i = -z*i + 49. Let n(a) = a**2 - 7*a - 1. Calculate n(i).
-1
Let b = 107 + -94. Let q(c) = -b*c - 24*c + 39*c + 12. Give q(-9).
-6
Let s be 6 - (-1)/(1/(-2)). Let a(l) = 191*l + 15. Let r(j) = 82*j + 7. Let u(b) = -3*a(b) + 7*r(b). What is u(s)?
8
Let m(g) be the first derivative of -2/3*g**3 + 19 + 1/4*g**4 + g**2 - 3*g. Determine m(2).
1
Let t(o) = o**3 - o**2 - 3*o + 2. Suppose -6*g + 7 = -5. Calculate t(g).
0
Let x(h) be the first derivative of 0*h**2 + h - 2/3*h**3 + 32. Let d be 2/1*2/4. Determine x(d).
-1
Let q = 13 + -13. Suppose 0*p + p - 3 = q. Suppose -x + 5*x = 4, 4*c = 3*x - p. Let s(d) = d**3 - d - 3. What is s(c)?
-3
Let a = 11 + -5. Let l(j) be the first derivative of -j**3/3 + 7*j**2/2 - j + 4630. Give l(a).
5
Let q(x) = -x 